st common divisor of 843807392 and 32.
32
What is the greatest common divisor of 10876139 and 4892?
1223
What is the greatest common factor of 36342 and 222763?
673
What is the greatest common factor of 298567 and 6739?
293
Calculate the greatest common divisor of 471423 and 105.
3
Calculate the greatest common divisor of 391652744 and 112.
56
What is the greatest common factor of 1434 and 4154298?
1434
Calculate the greatest common divisor of 266 and 49105294.
14
Calculate the highest common divisor of 19377635 and 310.
155
Calculate the greatest common factor of 15072826 and 156688.
2798
Calculate the highest common factor of 266046 and 3527502.
1914
What is the highest common divisor of 29180925 and 18360?
2295
What is the highest common factor of 2967 and 48642861?
69
Calculate the highest common factor of 779376 and 10686.
78
What is the greatest common divisor of 9627 and 3526691?
3209
What is the greatest common factor of 22425 and 16474900?
7475
Calculate the highest common divisor of 146 and 264430528.
146
Calculate the greatest common factor of 21988 and 14802704.
956
Calculate the highest common factor of 74316 and 1764.
12
What is the greatest common divisor of 329 and 13599967?
47
What is the greatest common divisor of 4440120 and 76610?
1630
What is the highest common factor of 48386 and 1378?
26
What is the highest common divisor of 222 and 492516?
6
Calculate the greatest common factor of 102212810 and 91652.
4166
What is the greatest common factor of 8909960 and 1160?
1160
Calculate the highest common factor of 84 and 62825772.
12
What is the greatest common factor of 657622 and 23706?
878
Calculate the greatest common factor of 376584 and 33332.
52
Calculate the highest common factor of 9107869 and 527.
17
What is the highest common divisor of 418 and 1793011?
209
What is the greatest common factor of 224 and 4034816?
32
Calculate the highest common factor of 52092949 and 3442.
1721
Calculate the greatest common factor of 627444 and 268647.
1803
What is the greatest common factor of 3151253 and 3234651?
5957
What is the highest common factor of 55553 and 627435?
73
What is the highest common factor of 9328016 and 13032?
1448
What is the greatest common divisor of 1280 and 1521400?
40
Calculate the highest common divisor of 1025 and 2035281.
41
Calculate the highest common divisor of 1826 and 122678897.
913
What is the highest common factor of 4334 and 1463198?
22
Calculate the greatest common divisor of 5900 and 12761800.
100
Calculate the greatest common factor of 4710906 and 14352.
138
What is the highest common factor of 51901578 and 4746?
678
What is the highest common divisor of 28 and 20132?
28
What is the greatest common factor of 8492670 and 9850?
1970
What is the greatest common divisor of 95575 and 7025?
25
What is the greatest common divisor of 639 and 1513782?
9
Calculate the greatest common divisor of 204597 and 119751.
537
What is the highest common divisor of 22441484 and 208?
52
Calculate the greatest common factor of 175459 and 38789.
79
What is the highest common divisor of 481 and 4185551?
37
Calculate the highest common divisor of 51178 and 538.
2
What is the highest common factor of 20619 and 13290091?
2291
What is the highest common divisor of 43673426 and 1673?
239
What is the greatest common factor of 490 and 8923782?
98
Calculate the greatest common divisor of 9848142 and 666.
666
What is the highest common divisor of 22915945 and 520?
65
What is the highest common factor of 1736 and 99428?
28
What is the highest common factor of 224231 and 6829249?
2177
Calculate the greatest common divisor of 4 and 8053509.
1
Calculate the greatest common divisor of 1648 and 114929872.
1648
What is the greatest common factor of 3904 and 8066701?
61
Calculate the highest common factor of 7434939 and 9264.
579
What is the greatest common factor of 8937 and 4179316554?
8937
What is the highest common divisor of 406132 and 34?
2
What is the greatest common divisor of 13348103 and 1537?
53
What is the greatest common factor of 288 and 12902?
2
Calculate the greatest common divisor of 654454164 and 156.
156
Calculate the greatest common divisor of 76022016 and 28.
28
What is the highest common factor of 6519703 and 301?
43
What is the highest common divisor of 16608767 and 21?
7
Calculate the greatest common divisor of 10992 and 953872.
16
Calculate the greatest common factor of 7023 and 339445.
2341
Calculate the greatest common divisor of 8772 and 802122.
258
What is the highest common divisor of 19053993 and 7203?
1029
Calculate the highest common factor of 2254 and 4034562.
98
What is the highest common divisor of 1121211 and 9009?
819
Calculate the greatest common divisor of 924 and 15081396.
132
What is the greatest common divisor of 12 and 319830492?
12
What is the greatest common divisor of 286035 and 1725?
15
What is the highest common factor of 1000856 and 1544?
8
What is the greatest common factor of 90189 and 2277?
99
Calculate the greatest common factor of 4032860 and 130.
130
What is the highest common factor of 70886826 and 97767?
5751
Calculate the highest common factor of 136 and 20839144.
136
Calculate the highest common divisor of 4475135 and 735.
35
What is the highest common divisor of 2400000 and 718080?
3840
What is the highest common divisor of 784 and 9427?
1
What is the greatest common factor of 603 and 145262700?
603
Calculate the highest common factor of 563008 and 176.
16
Calculate the highest common factor of 650974340 and 20.
20
What is the highest common divisor of 301207 and 12699?
83
What is the greatest common factor of 1690 and 4613440?
130
Calculate the greatest common factor of 160379850 and 100.
50
What is the greatest common factor of 1779696 and 1581?
51
What is the greatest common factor of 699235 and 9265?
545
What is the highest common factor of 3040745699 and 157?
157
What is the greatest common divisor of 1221385572 and 4059?
4059
Calculate the highest common factor of 370277 and 53176.
391
What is the highest common divisor of 52 and 137652?
4
Calculate the highest common divisor of 17199 and 15570009.
2457
What is the highest common divisor of 260 and 95454190?
130
Calculate the highest common divisor of 411600696 and 22429.
2039
What is the greatest common divisor of 44198044 and 352?
44
Calculate the greatest common divisor of 1094114220 and 60.
60
What is the highest common divisor of 23517 and 898001?
871
What is the greatest common factor of 360796 and 5548?
4
What is the highest common factor of 8534 and 1065746?
502
Calculate the highest common factor of 336765 and 12177077.
1727
Calculate the highest common factor of 8 and 369415204.
4
What is the greatest common divisor of 5840784 and 21808?
752
What is the greatest common divisor of 119021 and 23667?
343
What is the highest common divisor of 2461 and 951850814?
2461
Calculate the greatest common divisor of 28 and 50572466.
14
Calculate the greatest common divisor of 9082752 and 358174.
6758
Calculate the highest common factor of 98646 and 166173.
123
What is the greatest common divisor of 24892 and 5803?
7
Calculate the greatest common factor of 48591297 and 1233.
1233
Calculate the greatest common divisor of 153345 and 70860.
15
What is the greatest common divisor of 5 and 2676738?
1
What is the highest common divisor of 503852948 and 15816?
2636
Calculate the greatest common divisor of 493307550 and 162.
54
Calculate the highest common factor of 119001792 and 294.
294
Calculate the greatest common divisor of 69392499 and 1056.
33
What is the highest common factor of 288267 and 22260?
1113
Calculate the greatest common divisor of 2754 and 304235757.
1377
Calculate the highest common factor of 667 and 341533.
29
Calculate the greatest common divisor of 268 and 50861241.
67
Calculate the greatest common divisor of 2128 and 36694.
14
Calculate the highest common factor of 10950 and 99159.
3
Calculate the highest common factor of 743060 and 383720.
1060
Calculate the highest common factor of 4274720 and 10720.
160
What is the greatest common factor of 35960 and 153355016?
7192
Calculate the greatest common factor of 398344 and 1377.
17
Calculate the greatest common divisor of 231 and 25230359.
77
What is the grea